of h(3)?
3
Let b be -3 + 6 + 0/2. Suppose 4*j + b*u - 66 - 82 = 0, 0 = 4*j - 3*u - 124. What is the units digit of j?
4
Suppose -g + 0 = -4. Suppose -c - 9 = -g*c. Suppose -7*v + 2*v + 31 = -y, y = -c*v + 17. What is the units digit of v?
6
Let z(g) = g**3 + 7*g**2 + 2*g - 6. Let b be -7 - (-1 + -1 + 2). Let k be z(b). Let f = k - -29. What is the units digit of f?
9
Let b(y) = -y**3 + 3*y**2 + 4*y - 5. Let p be b(4). Let u(d) = d**2 + 3*d + 7. Let o be u(p). What is the units digit of (-3)/(-9) + o/3?
6
Let o(z) = 3*z + 2*z + z**2 - 5*z + 4. What is the tens digit of o(3)?
1
Let p(a) = a + 13. Let h be p(-10). Let b = 1 + h. What is the units digit of (2/b + -1)*-8?
4
Suppose -4*q + 420 = -20. What is the tens digit of q?
1
Suppose -p + 3*m = 22 + 3, -5*p - 60 = -2*m. Let q = 7 - p. Suppose -53 = -2*l - q. What is the units digit of l?
8
Suppose 2*n - 7 = 3. Let r(u) = 3 + 51*u - 50*u + 4. What is the tens digit of r(n)?
1
Let l(h) be the first derivative of h**4/4 + 2*h**3 + 2*h**2 + 3*h + 2. Let w be l(-5). Suppose u - w - 1 = 0. What is the units digit of u?
9
Suppose -10*z = -13*z + 9. What is the tens digit of 18 + -2 + z + 3?
2
Let l(x) = -x**2 - 4*x + 1. Let f be l(-3). Suppose f*s - 2*s - 4 = 0. What is the units digit of s?
2
Let l(r) = -15*r - 1. Let p be l(1). Suppose -2*a + 0*a = 3*u + 90, -60 = 2*u - 3*a. Let h = p - u. What is the units digit of h?
4
What is the units digit of ((-42)/5)/(14/(-35))?
1
Suppose 0 = -2*r - 0 + 6. Suppose -r*l = -0*l - 30. Suppose 0*k + l = 2*k. What is the units digit of k?
5
Let w = -7 - -10. Suppose 2*n - f = 23, -3*f = -n + w*n - 43. What is the tens digit of n?
1
Let m(o) = 5*o - 25. What is the tens digit of m(8)?
1
Let t = 506 + -254. What is the tens digit of t?
5
Let a(r) = r + 5. Let p be a(-5). Suppose -72 = -5*b + 4*g, -3*g = -5*b - p*b + 69. Suppose -j - 6 = -l, -l - 5*j = 3*l + b. What is the units digit of l?
2
Suppose 2*o + 28 = 3*o. Suppose 0 = 4*f - u - u - 20, -3*f + o = 5*u. What is the units digit of (f - 2) + (-4)/(-2)?
6
Suppose -y + 0*y + 6 = 0. Let s(b) = 5*b - 2*b - 2 - b. What is the tens digit of s(y)?
1
Let x = -72 - -111. Let u = x + -3. What is the units digit of u?
6
Let a = -29 - -63. What is the units digit of a?
4
Let r be 3/(-3*1/(-3)). Let q be 4/(-6) + (-16)/r. What is the units digit of q/9*(-21)/2?
7
Suppose 4*a = 58 + 6. What is the units digit of a?
6
Let d(n) = -n**3 + 4*n**2 + 2*n - 3. Let q be d(2). Let i be 22/4*(q + -1). Suppose -4*u - 4*x = -2*x - 56, -3*u = x - i. What is the units digit of u?
6
Let x(d) = -d**3 + 5*d**2 + 4*d + 5. Let g be x(6). Let u = g - -12. What is the units digit of u?
5
What is the units digit of 9 - -1*0/3?
9
Let m be (10/3)/(4/18). Let q = -5 + m. What is the units digit of q?
0
Let s(g) = 3*g**2 - 7*g - 3. What is the tens digit of s(5)?
3
Let d be 56/30 - (-6)/45. Suppose d*s - 4*s = -100. What is the tens digit of s?
5
Let j(f) = -76*f**3 + 2*f - 1. Let r be j(1). Let h = -54 - r. What is the tens digit of h?
2
Let a = 1 + -2. What is the units digit of (-2 - a)*(-5 - -1)?
4
Let w(f) = -2*f - 10. Let g be w(-5). Suppose 50 = 2*h - g*h. What is the tens digit of h?
2
Let o be 4/(-2)*(-2)/(-4). Let y be 6/3 + o + -69. What is the units digit of 2/(-5) - y/20?
3
What is the units digit of (-4)/(((-32)/(-12))/(-2))?
3
Suppose n + 3*n = 0. Suppose -3*y = 3*r - 2*r - 37, n = 4*r + 8. What is the tens digit of y?
1
Let l = 1 - -1. What is the units digit of (3 + 0)/(l/6)?
9
Suppose -3*c + 213 = 3*h, c + 357 = 6*c + 4*h. Suppose -3*z = -5*p + c, -z = -0*z + 1. What is the units digit of p?
4
Suppose -2*q + 170 = -312. What is the hundreds digit of q?
2
Let d be (14/5)/(16/40). Let o = -5 + d. Suppose -o*q - 4 = -36. What is the units digit of q?
6
Suppose 0 = 2*y - 311 + 99. What is the hundreds digit of y?
1
Let a(b) = -5*b - 1. Let c be a(-1). Suppose 3*v + 10 = 3*m - 8, c*m - 40 = -4*v. What is the units digit of m?
8
Suppose -4*v - 34 = -2. Let m be (1/2)/((-2)/v). What is the units digit of (-1)/m*(2 - 8)?
3
Let d be (-3)/4*4*2. Let n = -4 - d. Suppose -5*l = t - 38 - 8, n*l - t - 17 = 0. What is the units digit of l?
9
Suppose -2*p = 2*p - 60. Suppose 0 = -0*h + 4*h - 3*j - 21, -2*h + 3*j = -p. Suppose 5*i = 2*k + 19, 1 + 2 = h*i - 4*k. What is the units digit of i?
5
Let q(x) = 11*x**2 - x + 1. Let n(z) be the second derivative of -z**3/6 + z**2/2 + 3*z. Let y be n(0). What is the units digit of q(y)?
1
Suppose -11*y - 1255 = -16*y. What is the hundreds digit of y?
2
Let g = -37 - -64. What is the units digit of g?
7
Suppose 13 + 99 = 4*n. What is the units digit of n?
8
Let o(h) = h**3 - 7*h**2 + 3*h + 4. Let f be o(6). Let y = 16 + f. What is the units digit of y?
2
Let p be (-2)/(-1) + -5 + 4. Suppose -j - p = -0. What is the units digit of 3/((j/3)/(-1))?
9
Suppose 6*p - 112 = 2*p. Let d = p - 18. Let i = 7 + d. What is the units digit of i?
7
Let z = -102 + 178. What is the tens digit of z?
7
Let v be -21*2*1/(-6). Let c = v + -1. Let k(d) = d**3 - 6*d**2 + 4. What is the units digit of k(c)?
4
Suppose 0*s + 3*s = 0. Suppose s = -3*q + 57 - 6. What is the units digit of q?
7
Suppose -5*r + 4 = -1. Suppose -y - r = -2*b - 4*y, -10 = b + 5*y. Suppose -4*q + b = -3*q. What is the units digit of q?
5
Let l(p) = 2*p - 4. Let k(m) = -3*m**2 - 2*m - 2. Let v be k(-2). Let x = -3 - v. What is the tens digit of l(x)?
1
Let z(f) = 12*f - 8. Let u be z(5). Let n = 88 - u. What is the units digit of n?
6
Let k = 36 - 6. Let g = k - 5. What is the units digit of g?
5
Let a = 0 - -20. Suppose 5*b - 9 = -n + 12, 0 = 5*b - a. Let s = 7 - n. What is the units digit of s?
6
Let g be ((-120)/(-18))/(2/(-6)). Let d = -34 - g. What is the tens digit of d/77 + (-378)/(-22)?
1
Let f(n) = -2 - 3 + n + 0 + 9. What is the units digit of f(5)?
9
Suppose -12*j - 90 = -10*j. What is the units digit of j/(-2) + (-3)/2?
1
Let h(z) = -z**3 + 8*z**2 - 6*z - 5. Let t be h(7). Suppose w - 4*w = -2*a + 19, a = t*w + 12. What is the units digit of a?
2
What is the units digit of 1708/44 - (-4)/22?
9
Let o be 2/(-5) + (-90)/25. Let n(t) = t**3 + 5*t**2 + 4*t + 5. Let d be n(o). Suppose -4*q - 2*r = -34, 4*q = 5*q + d*r - 31. What is the units digit of q?
6
Suppose -5*v = 2*u - 27, -3*v + 9 = -0*v. What is the units digit of u/(-6 + 3) - -26?
4
Let a(y) = -y**2 + 18*y + 22. What is the units digit of a(13)?
7
Let j(b) = -b + 6. Suppose -2*w = 2, 0*s + w - 11 = -4*s. Let h be j(s). Suppose 5*u + h*d - 41 - 29 = 0, 2*d = 3*u - 61. What is the tens digit of u?
1
Let h be (-2 - 0) + (0 - -24). Let a = h - 13. Suppose -a - 9 = -2*r. What is the units digit of r?
9
Suppose -g + 5*y + 18 = 0, 0 = 2*g + 2*y - 6*y - 18. Suppose 3*k - 8*k + 2*u + 23 = 0, -5*k + 28 = g*u. What is the units digit of k?
5
What is the tens digit of (-4)/10 + 1236/15?
8
Let w(q) be the second derivative of q**3/6 - 4*q**2 + 4*q. Let z be w(11). Suppose 0 = z*m - 2*m - 4. What is the units digit of m?
4
Let c(i) = -i**3 + 28*i**2 - 40*i + 74. What is the units digit of c(26)?
6
What is the tens digit of (12/9)/(4/192)?
6
Let c(n) = -n**2 + 5. Let r be c(0). Let g(w) = w + 6. What is the tens digit of g(r)?
1
Let l(q) = -q**2 - 9*q - 8. Let s be l(-7). Let y(x) = x**3 - 5*x**2 - 10*x + 7. Let z be y(s). Let h = z + 27. What is the tens digit of h?
1
Let c be 0 - 2/4*0. Let n be (-2)/(-2 - (c - 0)). What is the units digit of 8 - (0 - n)*1?
9
Let p(n) = 14*n**2 - 6*n - 1. What is the units digit of p(5)?
9
Suppose 0*s - 3 = -2*r + s, -4*s + 21 = 3*r. Suppose -25 = -v + r*j + 1, -3*j + 9 = 0. What is the units digit of v?
5
Suppose -5*c + c = -128. Suppose -3*v + 15 = -0*v, i + 3*v - c = 0. What is the tens digit of i?
1
Let p = 10 + 0. What is the units digit of (-15)/p - (-7)/2?
2
Let j be ((-18)/12)/(6/(-56)). Suppose -3*u - j = -65. What is the units digit of u?
7
Suppose 2*g + 10 = 2*x, -10 - 5 = -3*x - 3*g. Suppose -10 + 50 = x*o. What is the units digit of 20/o - 1/(-2)?
3
Suppose -6*c + 76 = -c + 4*t, t - 4 = 0. What is the tens digit of c?
1
Let y(h) be the first derivative of -h**4/4 + 3*h**3 - 2*h**2 + 6*h + 6. What is the units digit of y(8)?
8
What is the tens digit of (-4)/(2 - -2)*-163?
6
Let o(f) be the third derivative of f**5/15 - f**4/4 - 2*f**3/3 - 4*f**2. What is the